
In base 8, what is 12 - 1566253?
-1566241
In base 2, what is -100010010111111011101111 + 100110?
-100010010111111011001001
In base 7, what is 1 + -243620026?
-243620025
In base 13, what is -38b + 580cc?
57a41
In base 7, what is 34 - -12415053?
12415120
In base 2, what is -11101100000 + -111111010010?
-1011100110010
In base 14, what is bc + -955ba?
-954dc
In base 14, what is -4 - -890c2d?
890c29
In base 4, what is -32113 - 1313112020?
-1313210133
In base 7, what is -100 + 325214?
325114
In base 15, what is 80932 - 3?
8092e
In base 16, what is -3209155 - 5?
-320915a
In base 16, what is 3c4d - 1690?
25bd
In base 2, what is 11 + 101001011011001000100011010?
101001011011001000100011101
In base 10, what is 1911 + -30234?
-28323
In base 16, what is -47970cf + 4?
-47970cb
In base 8, what is -13701 + 334332?
320431
In base 14, what is 2 - -b43997?
b43999
In base 2, what is -11011011011100000000 - -101011?
-11011011011011010101
In base 6, what is 20004550215 - -5?
20004550224
In base 15, what is -18 - -17e97?
17e7e
In base 4, what is 2312032233 + 3?
2312032302
In base 11, what is 127880 - -34?
127904
In base 10, what is -183 - -16859?
16676
In base 5, what is -33122123321 - -1?
-33122123320
In base 10, what is 107 + 225099?
225206
In base 6, what is -1233022422 - -1?
-1233022421
In base 7, what is -1424565 - 100?
-1424665
In base 7, what is -1334216 + 10025?
-1324161
In base 10, what is -28 + 2644323?
2644295
In base 14, what is a049 - 6d?
9dba
In base 13, what is -2bc9 - -26bc?
-50a
In base 13, what is -145aa52 - 1?
-145aa53
In base 15, what is -35b66 - -41?
-35b25
In base 13, what is 15cc4 - -654?
16648
In base 2, what is -110101001100 - -110110111110010?
110000010100110
In base 10, what is 11 + -6442535?
-6442524
In base 8, what is -407 - -2767273?
2766664
In base 13, what is -428 - -434?
9
In base 3, what is 22 - 1101222012100?
-1101222012001
In base 4, what is 30332002313112 + 2?
30332002313120
In base 9, what is 4 - -1012348?
1012353
In base 3, what is 200021 + -11210101122?
-11202201101
In base 15, what is 2d9ea + -9c?
2d94d
In base 3, what is -11110211 - 11011000210?
-11022111121
In base 14, what is a + -249325?
-249319
In base 7, what is -46 - -102234221?
102234142
In base 11, what is -380164 - 21?
-380185
In base 15, what is a + -69bc6?
-69bbb
In base 11, what is 89754 + 23?
89777
In base 9, what is -176411144 - 8?
-176411153
In base 7, what is 51564 - 11335?
40226
In base 9, what is 100888104 + 2?
100888106
In base 3, what is 200011220 - -1002011?
201021001
In base 13, what is -55134 - 308?
-5543c
In base 16, what is -52a7 + 8c?
-521b
In base 7, what is -12066 + -2334?
-14433
In base 8, what is 2 + 215600302?
215600304
In base 11, what is -31 + 371100?
37107a
In base 11, what is -193a13 - 1a47?
-19595a
In base 16, what is -8b971 - -5b7?
-8b3ba
In base 6, what is -132455 - -11214?
-121241
In base 7, what is 22064141133 + -2?
22064141131
In base 2, what is 110111101101000000011100010 + 1?
110111101101000000011100011
In base 2, what is 101001 + 11010011111011101111010?
11010011111011110100011
In base 16, what is -27eb - d73?
-355e
In base 15, what is -3aea - -257?
-3893
In base 11, what is -29751 + -3?
-29754
In base 12, what is -18 + -1314b3b?
-1314b57
In base 11, what is 1447 + -521?
a26
In base 15, what is 16530 - 84a?
15bd5
In base 14, what is -cd2a39 - 3?
-cd2a3c
In base 2, what is 10111111000101010 + 11010110010?
11000010011011100
In base 14, what is 75 + 2cc66?
2ccdb
In base 10, what is 15361 + 992?
16353
In base 16, what is -e7866 - -8?
-e785e
In base 3, what is 2211221211 - 1210012?
2210011122
In base 8, what is 3146 - 5050?
-1702
In base 7, what is -1562146 + 51?
-1562065
In base 3, what is -100101112100112100 + 0?
-100101112100112100
In base 15, what is -ca7b3 + 2e?
-ca784
In base 7, what is 6434145 - 3?
6434142
In base 14, what is 4 + 291ba9?
291bad
In base 5, what is -34141 + 240002?
200311
In base 6, what is 10251355434 + -4?
10251355430
In base 3, what is 1 + 11122011221021?
11122011221022
In base 5, what is -20 - 221021324?
-221021344
In base 10, what is 11735 - -545?
12280
In base 3, what is 2 + 11112002111221?
11112002112000
In base 16, what is -167 - -150fd?
14f96
In base 4, what is 3002 - -120302230?
120311232
In base 15, what is -2c4a4e5 + -b?
-2c4a501
In base 4, what is 31 + 1221003323?
1221010020
In base 14, what is -9a + -56090?
-5614a
In base 2, what is -100101100010011111111 + 101?
-100101100010011111010
In base 7, what is 10326 + 14135?
24464
In base 6, what is 52100040 - 0?
52100040
In base 12, what is -174130 + 3a?
-1740b2
In base 14, what is d4b890 - 45?
d4b849
In base 14, what is 9cb2 - 48a?
9826
In base 7, what is 101421514006 - 5?
101421514001
In base 5, what is -441122 - 1123?
-442300
In base 4, what is -21 + -2020032311?
-2020032332
In base 14, what is -32019a3 + -2?
-32019a5
In base 2, what is 1001111111 - -10100111101010?
10110001101001
In base 6, what is -24452 - -10114?
-14334
In base 4, what is 213030210 - -222210?
213313020
In base 13, what is -1534a0 - -62?
-15343b
In base 3, what is -202202010022 + -1100?
-202202011122
In base 8, what is -16170250 - 0?
-16170250
In base 12, what is -3 - 3307a0b?
-3307a12
In base 7, what is -3502 + 30652?
24150
In base 8, what is -527 - 1013372?
-1014121
In base 15, what is 6133d42 + -4?
6133d3d
In base 7, what is -32461 + -12213?
-45004
In base 12, what is -23 - -3227?
3204
In base 4, what is -11220111 - -12331?
-11201120
In base 9, what is -3322 + -26565?
-30887
In base 14, what is -5bb306 - -61?
-5bb285
In base 8, what is 4 + -526452721?
-526452715
In base 5, what is -132 - -30334002?
30333320
In base 10, what is 31673 + 601?
32274
In base 15, what is 128339 - -2e?
128368
In base 15, what is -2caa7b + -15?
-2caa91
In base 3, what is 11000 - -12022212221?
12100000221
In base 6, what is -4201 + -2034211?
-2042412
In base 9, what is -45337551 + -5?
-45337556
In base 9, what is -406035636 - 3?
-406035640
In base 4, what is 231 + 13203213113?
13203220010
In base 13, what is -87647 - -1652?
-85cc5
In base 5, what is -32342123 + -2?
-32342130
In base 9, what is 43562711 + -2?
43562708
In base 12, what is 1 - 1364b3a?
-1364b39
In base 15, what is 8ebd - -a47?
9a15
In base 2, what is -1010101011101101001001110 + 11?
-1010101011101101001001011
In base 10, what is -2 + -96964397?
-96964399
In base 3, what is -1120101012222 + 21?
-1120101012201
In base 2, what is 1001010100110110011 + 10011100?
1001010101001001111
In base 11, what is -3327 + -733?
-3a5a
In base 6, what is 111543433 - -4?
111543441
In base 13, what is 6 - -3648048?
3648051
In base 14, what is -5d83a + -4d?
-5d889
In base 5, what is -240 + -24032023?
-24032313
In base 9, what is -6750552 - -3?
-6750548
In base 11, what is -40 - 102104?
-102144
In base 16, what is -1ef350 - 1c?
-1ef36c
In base 10, what is -9 - -16972467?
16972458
In base 3, what is -20 - 2201001010022?
-2201001010112
In base 4, what is 20 - -11122310011131?
11122310011211
In base 16, what is -6aa - -ec6?
81c
In base 4, what is -12311 + 2003321103?
2003302132
In base 6, what is 23 + -1131023540?
-1131023513
In base 10, what is 24028692 + -47?
24028645
In base 15, what is -27d + -617c?
-640a
In base 7, what is -3214314133 - 3?
-3214314136
In base 9, what is -1103 + -685885?
-687088
In base 14, what is 8adc85 + -3?
8adc82
In base 13, what is 95968 + 12c?
95a97
In base 12, what is -71b1 + -374a?
-a93b
In base 8, what is -742526 + 31?
-742475
In base 10, what is -51234 + -242?
-51476
In base 6, what is -2 - 10352012403?
-10352012405
In base 4, what is -10 - 133133301102?
-133133301112
In base 15, what is -30d + -ead?
-12bb
In base 10, what is -4027 - 5428?
-9455
In base 11, what is -1770 - 5126?
-6896
In base 9, what is -3 + 617826302?
617826288
In base 13, what is -4c23 - -a5?
-4b4b
In base 12, what is -994101 - -4?
-9940b9
In base 5, what is -12340423 - -4132?
-12331241
In base 2, what is 101 + -1111101111001011010011011110?
-1111101111001011010011011001
In base 5, what is -10024213330 - 0?
-10024213330
In base 10, what is 9 - 1843718?
-1843709
In base 9, what is 8 + 152088023?
152088032
In base 6, what is 50 + 102043412?
102043502
In base 5, what is -1 - -1234224040412?
1234224040411
In base 13, what is 184391 + -58?
184336
In base 16, what is c